{"id":1168,"date":"2023-04-27T12:50:17","date_gmt":"2023-04-27T12:50:17","guid":{"rendered":"https:\/\/ardennesartisanat.fr\/?post_type=product&#038;p=1168"},"modified":"2023-09-08T08:20:36","modified_gmt":"2023-09-08T08:20:36","slug":"gravure-du-bois","status":"publish","type":"product","link":"https:\/\/ardennesartisanat.fr\/en\/product\/gravure-du-bois\/","title":{"rendered":"Gravure sur bois"},"content":{"rendered":"<p>Le bois de bouleau \u00e0 la couleur beige \/ gris-blanc et un veinage discret.<\/p>\n<p id=\"viewer-8lb3d\" class=\"mm8Nw _1j-51 roLFQS _1FoOD _3M0Fe Z63qyL roLFQS public-DraftStyleDefault-block-depth0 fixed-tab-size public-DraftStyleDefault-text-ltr\"><span class=\"_2PHJq public-DraftStyleDefault-ltr\"><strong>Respect de l&rsquo;environnement<\/strong><\/span><\/p>\n<p id=\"viewer-e665l\" class=\"mm8Nw _1j-51 roLFQS _1FoOD _3M0Fe Z63qyL roLFQS public-DraftStyleDefault-block-depth0 fixed-tab-size public-DraftStyleDefault-text-ltr\"><span class=\"_2PHJq public-DraftStyleDefault-ltr\"><em>Afin de respecter nos engagements concernant la protection de l&rsquo;environnement, nous avons choisi d&rsquo;utiliser un bois de qualit\u00e9 et d&rsquo;origine durable. C&rsquo;est pourquoi nous fabriquons nos gravures sur des bois massifs de qualit\u00e9 pr\u00e9mium labellis\u00e9 FSC\u00ae et PEFC\u2122.<\/em><\/span><\/p>\n<p id=\"viewer-caqvp\" class=\"mm8Nw _1j-51 roLFQS _1FoOD _3M0Fe Z63qyL roLFQS public-DraftStyleDefault-block-depth0 fixed-tab-size public-DraftStyleDefault-text-ltr\"><span class=\"_2PHJq public-DraftStyleDefault-ltr\"><strong>Notre savoir-faire<br \/>\n<\/strong><\/span>Nos plaques en bois grav\u00e9es sont le fruit de plusieurs heures de travail et de savoir-faire. Elles sont r\u00e9alis\u00e9es avec le plus grand soin et suivent le plus fid\u00e8lement vos demandes.<\/p>","protected":false},"excerpt":{"rendered":"<ul>\n<li>Format de la planche : 23 \u00d7 14 cm<\/li>\n<li>Taille de la gravure : Au choix<\/li>\n<li>\u00c9paisseur : Selon bois<\/li>\n<li>Gravure au recto<\/li>\n<\/ul>\n<p>Exemple d&rsquo;utilisation : cadeau pour un membre de la famille, logo de votre club ou amicale.<\/p>","protected":false},"featured_media":1114,"comment_status":"open","ping_status":"closed","template":"","meta":{"_gspb_post_css":""},"product_brand":[],"product_cat":[28],"product_tag":[],"class_list":{"0":"post-1168","1":"product","2":"type-product","3":"status-publish","4":"has-post-thumbnail","6":"product_cat-gravure-sur-bois","8":"first","9":"instock","10":"shipping-taxable","11":"purchasable","12":"product-type-simple"},"_links":{"self":[{"href":"https:\/\/ardennesartisanat.fr\/en\/wp-json\/wp\/v2\/product\/1168","targetHints":{"allow":["GET"]}}],"collection":[{"href":"https:\/\/ardennesartisanat.fr\/en\/wp-json\/wp\/v2\/product"}],"about":[{"href":"https:\/\/ardennesartisanat.fr\/en\/wp-json\/wp\/v2\/types\/product"}],"replies":[{"embeddable":true,"href":"https:\/\/ardennesartisanat.fr\/en\/wp-json\/wp\/v2\/comments?post=1168"}],"wp:featuredmedia":[{"embeddable":true,"href":"https:\/\/ardennesartisanat.fr\/en\/wp-json\/wp\/v2\/media\/1114"}],"wp:attachment":[{"href":"https:\/\/ardennesartisanat.fr\/en\/wp-json\/wp\/v2\/media?parent=1168"}],"wp:term":[{"taxonomy":"product_brand","embeddable":true,"href":"https:\/\/ardennesartisanat.fr\/en\/wp-json\/wp\/v2\/product_brand?post=1168"},{"taxonomy":"product_cat","embeddable":true,"href":"https:\/\/ardennesartisanat.fr\/en\/wp-json\/wp\/v2\/product_cat?post=1168"},{"taxonomy":"product_tag","embeddable":true,"href":"https:\/\/ardennesartisanat.fr\/en\/wp-json\/wp\/v2\/product_tag?post=1168"}],"curies":[{"name":"wp","href":"https:\/\/api.w.org\/{rel}","templated":true}]}}

<p>Le bois de bouleau à la couleur beige / gris-blanc et un veinage discret.</p>
<p id="viewer-8lb3d" class="mm8Nw _1j-51 roLFQS _1FoOD _3M0Fe Z63qyL roLFQS public-DraftStyleDefault-block-depth0 fixed-tab-size public-DraftStyleDefault-text-ltr"><span class="_2PHJq public-DraftStyleDefault-ltr"><strong>Respect de l&rsquo;environnement</strong></span></p>
<p id="viewer-e665l" class="mm8Nw _1j-51 roLFQS _1FoOD _3M0Fe Z63qyL roLFQS public-DraftStyleDefault-block-depth0 fixed-tab-size public-DraftStyleDefault-text-ltr"><span class="_2PHJq public-DraftStyleDefault-ltr"><em>Afin de respecter nos engagements concernant la protection de l&rsquo;environnement, nous avons choisi d&rsquo;utiliser un bois de qualité et d&rsquo;origine durable. C&rsquo;est pourquoi nous fabriquons nos gravures sur des bois massifs de qualité prémium labellisé FSC® et PEFC™.</em></span></p>
<p id="viewer-caqvp" class="mm8Nw _1j-51 roLFQS _1FoOD _3M0Fe Z63qyL roLFQS public-DraftStyleDefault-block-depth0 fixed-tab-size public-DraftStyleDefault-text-ltr"><span class="_2PHJq public-DraftStyleDefault-ltr"><strong>Notre savoir-faire<br />
</strong></span>Nos plaques en bois gravées sont le fruit de plusieurs heures de travail et de savoir-faire. Elles sont réalisées avec le plus grand soin et suivent le plus fidèlement vos demandes.</p>

<ul>
<li>Format de la planche : 23 × 14 cm</li>
<li>Taille de la gravure : Au choix</li>
<li>Épaisseur : Selon bois</li>
<li>Gravure au recto</li>
</ul>
<p>Exemple d&rsquo;utilisation : cadeau pour un membre de la famille, logo de votre club ou amicale.</p>
