{"id":1149,"date":"2023-04-15T10:32:08","date_gmt":"2023-04-15T10:32:08","guid":{"rendered":"https:\/\/ardennesartisanat.fr\/?post_type=product&#038;p=1149"},"modified":"2025-11-17T15:40:50","modified_gmt":"2025-11-17T15:40:50","slug":"porte-cle-en-cuir-blason","status":"publish","type":"product","link":"https:\/\/ardennesartisanat.fr\/en\/product\/porte-cle-en-cuir-blason\/","title":{"rendered":"Porte-cl\u00e9 en cuir \u00ab\u00a0Blason\u00a0\u00bb"},"content":{"rendered":"<p>Porte-cl\u00e9s en cuir au tannage v\u00e9g\u00e9tal r\u00e9alis\u00e9 dans notre atelier dans les Ardennes.<br \/>\nTechnique de gravure par laser venant br\u00fbler la surface du cuir, pas d&rsquo;encre utilis\u00e9e pour une dur\u00e9e dans le temps prolong\u00e9e.<br \/>\nLivr\u00e9 dans votre boite aux lettres par La Poste en suivi.<\/p>\n<p>En savoir plus sur la fa\u00e7on dont sont r\u00e9alis\u00e9s nos porte-cl\u00e9s :<\/p>\n<p id=\"viewer-8lb3d\" class=\"mm8Nw _1j-51 roLFQS _1FoOD _3M0Fe Z63qyL roLFQS public-DraftStyleDefault-block-depth0 fixed-tab-size public-DraftStyleDefault-text-ltr\"><span class=\"_2PHJq public-DraftStyleDefault-ltr\"><strong>Respect de l&rsquo;environnement<br \/>\n<\/strong><\/span><span class=\"_2PHJq public-DraftStyleDefault-ltr\"><em>Afin de respecter nos engagements concernant la protection de l&rsquo;environnement, nous n&rsquo;utilisons que du cuir au tannage v\u00e9g\u00e9tal et \u00e9vitons toute substance chimique.<\/em><\/span><\/p>\n<p id=\"viewer-caqvp\" class=\"mm8Nw _1j-51 roLFQS _1FoOD _3M0Fe Z63qyL roLFQS public-DraftStyleDefault-block-depth0 fixed-tab-size public-DraftStyleDefault-text-ltr\"><span class=\"_2PHJq public-DraftStyleDefault-ltr\"><strong>Personnalisation de votre porte-cl\u00e9<br \/>\n<\/strong><\/span><span class=\"_2PHJq public-DraftStyleDefault-ltr\">Nous avons \u00e0 c\u0153ur le reflet de votre identit\u00e9 \u00e0 travers nos porte-cl\u00e9s, c&rsquo;est pourquoi nous avons tout mis en place pour qu&rsquo;ils soient les plus uniques possible.<br \/>\n<\/span><span class=\"_2PHJq public-DraftStyleDefault-ltr\">En effet, en plus de la gravure personnalis\u00e9e, vous pouvez choisir un rivet parmi 3 options : argent (gris clair), canon (or noir) &amp; laiton (dor\u00e9).\u00a0<\/span><\/p>\n<p id=\"viewer-b2cf3\" class=\"mm8Nw _1j-51 roLFQS _1FoOD _3M0Fe Z63qyL roLFQS public-DraftStyleDefault-block-depth0 fixed-tab-size public-DraftStyleDefault-text-ltr\">","protected":false},"excerpt":{"rendered":"<p>Dimensions : 65 \u00d7 45 mm, \u00c9p. 2 mm<br \/>\nCuir de vachette au tannage v\u00e9g\u00e9tal<br \/>\nExemple d&rsquo;utilisation : cl\u00e9s pour votre v\u00e9hicule, cadeau pour un membre de la famille, logo de votre club ou amicale.<\/p>","protected":false},"featured_media":2783,"comment_status":"open","ping_status":"closed","template":"","meta":{"_gspb_post_css":""},"product_brand":[],"product_cat":[27,26],"product_tag":[],"class_list":{"0":"post-1149","1":"product","2":"type-product","3":"status-publish","4":"has-post-thumbnail","6":"product_cat-blason","7":"product_cat-porte-cles","9":"first","10":"instock","11":"shipping-taxable","12":"purchasable","13":"product-type-simple"},"_links":{"self":[{"href":"https:\/\/ardennesartisanat.fr\/en\/wp-json\/wp\/v2\/product\/1149","targetHints":{"allow":["GET"]}}],"collection":[{"href":"https:\/\/ardennesartisanat.fr\/en\/wp-json\/wp\/v2\/product"}],"about":[{"href":"https:\/\/ardennesartisanat.fr\/en\/wp-json\/wp\/v2\/types\/product"}],"replies":[{"embeddable":true,"href":"https:\/\/ardennesartisanat.fr\/en\/wp-json\/wp\/v2\/comments?post=1149"}],"wp:featuredmedia":[{"embeddable":true,"href":"https:\/\/ardennesartisanat.fr\/en\/wp-json\/wp\/v2\/media\/2783"}],"wp:attachment":[{"href":"https:\/\/ardennesartisanat.fr\/en\/wp-json\/wp\/v2\/media?parent=1149"}],"wp:term":[{"taxonomy":"product_brand","embeddable":true,"href":"https:\/\/ardennesartisanat.fr\/en\/wp-json\/wp\/v2\/product_brand?post=1149"},{"taxonomy":"product_cat","embeddable":true,"href":"https:\/\/ardennesartisanat.fr\/en\/wp-json\/wp\/v2\/product_cat?post=1149"},{"taxonomy":"product_tag","embeddable":true,"href":"https:\/\/ardennesartisanat.fr\/en\/wp-json\/wp\/v2\/product_tag?post=1149"}],"curies":[{"name":"wp","href":"https:\/\/api.w.org\/{rel}","templated":true}]}}

Porte-clé en cuir « Blason »

<p>Porte-clés en cuir au tannage végétal réalisé dans notre atelier dans les Ardennes.<br />
Technique de gravure par laser venant brûler la surface du cuir, pas d&rsquo;encre utilisée pour une durée dans le temps prolongée.<br />
Livré dans votre boite aux lettres par La Poste en suivi.</p>
<p>En savoir plus sur la façon dont sont réalisés nos porte-clés :</p>
<p id="viewer-8lb3d" class="mm8Nw _1j-51 roLFQS _1FoOD _3M0Fe Z63qyL roLFQS public-DraftStyleDefault-block-depth0 fixed-tab-size public-DraftStyleDefault-text-ltr"><span class="_2PHJq public-DraftStyleDefault-ltr"><strong>Respect de l&rsquo;environnement<br />
</strong></span><span class="_2PHJq public-DraftStyleDefault-ltr"><em>Afin de respecter nos engagements concernant la protection de l&rsquo;environnement, nous n&rsquo;utilisons que du cuir au tannage végétal et évitons toute substance chimique.</em></span></p>
<p id="viewer-caqvp" class="mm8Nw _1j-51 roLFQS _1FoOD _3M0Fe Z63qyL roLFQS public-DraftStyleDefault-block-depth0 fixed-tab-size public-DraftStyleDefault-text-ltr"><span class="_2PHJq public-DraftStyleDefault-ltr"><strong>Personnalisation de votre porte-clé<br />
</strong></span><span class="_2PHJq public-DraftStyleDefault-ltr">Nous avons à cœur le reflet de votre identité à travers nos porte-clés, c&rsquo;est pourquoi nous avons tout mis en place pour qu&rsquo;ils soient les plus uniques possible.<br />
</span><span class="_2PHJq public-DraftStyleDefault-ltr">En effet, en plus de la gravure personnalisée, vous pouvez choisir un rivet parmi 3 options : argent (gris clair), canon (or noir) &amp; laiton (doré). </span></p>
<p id="viewer-b2cf3" class="mm8Nw _1j-51 roLFQS _1FoOD _3M0Fe Z63qyL roLFQS public-DraftStyleDefault-block-depth0 fixed-tab-size public-DraftStyleDefault-text-ltr">

<p>Dimensions : 65 × 45 mm, Ép. 2 mm<br />
Cuir de vachette au tannage végétal<br />
Exemple d&rsquo;utilisation : clés pour votre véhicule, cadeau pour un membre de la famille, logo de votre club ou amicale.</p>
