{"id":1157,"date":"2023-04-15T15:14:03","date_gmt":"2023-04-15T15:14:03","guid":{"rendered":"https:\/\/ardennesartisanat.fr\/?page_id=1157"},"modified":"2025-11-17T16:08:53","modified_gmt":"2025-11-17T16:08:53","slug":"mentions-legales","status":"publish","type":"page","link":"https:\/\/ardennesartisanat.fr\/en\/mentions-legales\/","title":{"rendered":"Mentions l\u00e9gales"},"content":{"rendered":"<p>Les informations de ce site sont non contractuelles et peuvent contenir des inexactitudes techniques ou des erreurs typographiques. Ces informations peuvent \u00eatre p\u00e9riodiquement modifi\u00e9es et les modifications seront incorpor\u00e9es dans les nouvelles \u00e9ditions. L\u2019association Ardennes-Artisanat peut, \u00e0 tout moment et \u00e0 son enti\u00e8re discr\u00e9tion, apporter des am\u00e9liorations ou des changements aux produits, aux programmes ou aux services d\u00e9crits sur ce site.<\/p>\n\n\n\n<p>Vous pouvez exercer vos droits en vous adressant \u00e0 :<\/p>\n\n\n\n<p><strong>Ardennes-Artisanat,<\/strong><br>1 La Fosse Mouill\u00e9e,<\/p>\n\n\n\n<p>08270 Viel-Saint-Remy<\/p>\n\n\n\n<p>T\u00e9l\u00e9phone:&nbsp;+33 07 81 02 87 48<\/p>\n\n\n\n<p>Email:&nbsp;<a href=\"mailto:ardennesartisanat@gmail.com\" data-type=\"mailto\" data-id=\"mailto:ardennesartisanat@gmail.com\" target=\"_blank\" rel=\"noreferrer noopener\">ardennesartisanat@gmail.com<\/a><\/p>\n\n\n\n<h2 class=\"wp-block-heading\" id=\"credits-photographiques\">Cr\u00e9dits photographiques<\/h2>\n\n\n\n<p>Ardennes-Artisanat<\/p>\n\n\n\n<p>Toute reproduction, repr\u00e9sentation, modification, publication, transmission, d\u00e9naturation, totale ou partielle du site ou de son contenu, par quelque proc\u00e9d\u00e9 que ce soit, et sur quelque support que ce soit est interdite.<\/p>\n\n\n\n<p>Toute exploitation non autoris\u00e9e du site ou de son contenu, des informations qui y sont divulgu\u00e9es engagerait la responsabilit\u00e9 de l\u2019utilisateur et constituerait une contrefa\u00e7on sanctionn\u00e9e par les articles L 335-2 et suivants du Code de la Propri\u00e9t\u00e9 Intellectuelle.<\/p>\n\n\n\n<p>2023, ardennesartisanat.fr \u2013 Tous droits r\u00e9serv\u00e9s. SIRET: 902 342 377 000 14, si\u00e8ge social: 08270 Viel-Saint-Remy.<\/p>","protected":false},"excerpt":{"rendered":"<p>Les informations de ce site sont non contractuelles et peuvent contenir des inexactitudes techniques ou des erreurs typographiques. Ces informations peuvent \u00eatre p\u00e9riodiquement modifi\u00e9es et les modifications seront incorpor\u00e9es dans les nouvelles \u00e9ditions. L\u2019association Ardennes-Artisanat peut, \u00e0 tout moment et \u00e0 son enti\u00e8re discr\u00e9tion, apporter des am\u00e9liorations ou des changements aux produits, aux programmes ou [&hellip;]<\/p>\n","protected":false},"author":1,"featured_media":0,"parent":0,"menu_order":0,"comment_status":"closed","ping_status":"closed","template":"","meta":{"_gspb_post_css":"","footnotes":""},"class_list":["post-1157","page","type-page","status-publish","hentry"],"blocksy_meta":[],"_links":{"self":[{"href":"https:\/\/ardennesartisanat.fr\/en\/wp-json\/wp\/v2\/pages\/1157","targetHints":{"allow":["GET"]}}],"collection":[{"href":"https:\/\/ardennesartisanat.fr\/en\/wp-json\/wp\/v2\/pages"}],"about":[{"href":"https:\/\/ardennesartisanat.fr\/en\/wp-json\/wp\/v2\/types\/page"}],"author":[{"embeddable":true,"href":"https:\/\/ardennesartisanat.fr\/en\/wp-json\/wp\/v2\/users\/1"}],"replies":[{"embeddable":true,"href":"https:\/\/ardennesartisanat.fr\/en\/wp-json\/wp\/v2\/comments?post=1157"}],"version-history":[{"count":2,"href":"https:\/\/ardennesartisanat.fr\/en\/wp-json\/wp\/v2\/pages\/1157\/revisions"}],"predecessor-version":[{"id":3157,"href":"https:\/\/ardennesartisanat.fr\/en\/wp-json\/wp\/v2\/pages\/1157\/revisions\/3157"}],"wp:attachment":[{"href":"https:\/\/ardennesartisanat.fr\/en\/wp-json\/wp\/v2\/media?parent=1157"}],"curies":[{"name":"wp","href":"https:\/\/api.w.org\/{rel}","templated":true}]}}

Mentions légales

<p>Les informations de ce site sont non contractuelles et peuvent contenir des inexactitudes techniques ou des erreurs typographiques. Ces informations peuvent être périodiquement modifiées et les modifications seront incorporées dans les nouvelles éditions. L’association Ardennes-Artisanat peut, à tout moment et à son entière discrétion, apporter des améliorations ou des changements aux produits, aux programmes ou aux services décrits sur ce site.</p>



<p>Vous pouvez exercer vos droits en vous adressant à :</p>



<p><strong>Ardennes-Artisanat,</strong><br>1 La Fosse Mouillée,</p>



<p>08270 Viel-Saint-Remy</p>



<p>Téléphone:&nbsp;+33 07 81 02 87 48</p>



<p>Email:&nbsp;<a href="mailto:ardennesartisanat@gmail.com" data-type="mailto" data-id="mailto:ardennesartisanat@gmail.com" target="_blank" rel="noreferrer noopener">ardennesartisanat@gmail.com</a></p>



<h2 class="wp-block-heading" id="credits-photographiques">Crédits photographiques</h2>



<p>Ardennes-Artisanat</p>



<p>Toute reproduction, représentation, modification, publication, transmission, dénaturation, totale ou partielle du site ou de son contenu, par quelque procédé que ce soit, et sur quelque support que ce soit est interdite.</p>



<p>Toute exploitation non autorisée du site ou de son contenu, des informations qui y sont divulguées engagerait la responsabilité de l’utilisateur et constituerait une contrefaçon sanctionnée par les articles L 335-2 et suivants du Code de la Propriété Intellectuelle.</p>



<p>2023, ardennesartisanat.fr – Tous droits réservés. SIRET: 902 342 377 000 14, siège social: 08270 Viel-Saint-Remy.</p>

<p>Les informations de ce site sont non contractuelles et peuvent contenir des inexactitudes techniques ou des erreurs typographiques. Ces informations peuvent être périodiquement modifiées et les modifications seront incorporées dans les nouvelles éditions. L’association Ardennes-Artisanat peut, à tout moment et à son entière discrétion, apporter des améliorations ou des changements aux produits, aux programmes ou [&hellip;]</p>
